119337 prime?
False
Is 28244618609 a prime number?
True
Is 8664882953 prime?
True
Is 6679653385 prime?
False
Is 1441101451 prime?
False
Is 4653600559 prime?
True
Is 2556968182 a prime number?
False
Is 26727209239 a prime number?
False
Is 41339892289 prime?
True
Is 93098389 prime?
True
Is 130183051 a composite number?
False
Is 8654220961 a composite number?
False
Is 2987599243 a prime number?
False
Is 87354316981 a composite number?
False
Is 1745389483 composite?
False
Is 84193511 prime?
True
Is 1469817641 composite?
False
Is 1338137089 a prime number?
False
Is 559652713 prime?
False
Is 4280005601 prime?
False
Is 25233514253 prime?
False
Is 528479624697 prime?
False
Is 20491269091 a prime number?
False
Is 1245589019 a composite number?
False
Is 1147226987 a composite number?
True
Is 5699594767 a prime number?
False
Is 473119393 composite?
True
Is 4290941227 prime?
True
Is 3113608247 prime?
True
Is 763561223 composite?
True
Is 7388578667 a composite number?
False
Is 11091891011 a composite number?
False
Is 495342839 a prime number?
True
Is 3459215429 a composite number?
False
Is 565031729 composite?
True
Is 5154739823 a composite number?
False
Is 2839675051 prime?
False
Is 3087245549 prime?
True
Is 9726433 composite?
False
Is 891336347 a prime number?
False
Is 11289856181 prime?
False
Is 1225985671 a prime number?
True
Is 22079746679 composite?
False
Is 5431135819 composite?
False
Is 8339838557 a prime number?
True
Is 294159397613 a composite number?
False
Is 7893105335 prime?
False
Is 192923999 prime?
True
Is 61398871801 a composite number?
False
Is 54234333083 prime?
False
Is 6046689395 prime?
False
Is 33050987 prime?
True
Is 4832214941 a composite number?
True
Is 5089368451 prime?
True
Is 194121248441 composite?
False
Is 245649653 a prime number?
True
Is 15557725067 a prime number?
False
Is 206011979 prime?
False
Is 54432319 a composite number?
False
Is 44981449 a composite number?
False
Is 50250149993 a composite number?
True
Is 1542963709 a prime number?
False
Is 11542311889 composite?
True
Is 462623719 a composite number?
False
Is 17300702447 a prime number?
False
Is 586149947 prime?
False
Is 660557 a composite number?
False
Is 3180431503 composite?
False
Is 414987317 a composite number?
True
Is 154573530389 composite?
False
Is 27977213489 a composite number?
False
Is 28952313989 composite?
False
Is 228458453 a composite number?
False
Is 10086166369 composite?
False
Is 105177637351 a prime number?
False
Is 595748407 a prime number?
True
Is 40963701853 a prime number?
False
Is 28925926811 a composite number?
False
Is 5617136087 a composite number?
False
Is 2471570113 a composite number?
False
Is 16769457581 composite?
True
Is 25003943857 a composite number?
False
Is 37105968097 a composite number?
True
Is 337181303 a composite number?
False
Is 5308098206 composite?
True
Is 3721626203 prime?
False
Is 124419371 prime?
True
Is 284254469 a composite number?
True
Is 1266021457 a prime number?
False
Is 15227319239 a prime number?
False
Is 12167037059 prime?
True
Is 22172359867 prime?
False
Is 17982857 composite?
False
Is 798841345 prime?
False
Is 79905493789 a prime number?
False
Is 1329687703 a composite number?
True
Is 23784834943 composite?
True
Is 8708571551 composite?
False
Is 23972618447 prime?
False
Is 2067272033 a composite number?
False
Is 986634877 composite?
True
Is 17474816077 prime?
False
Is 10357014467 a composite number?
False
Is 3384694717 a composite number?
False
Is 2084329717 composite?
False
Is 14504669197 a composite number?
True
Is 54770193559 a prime number?
True
Is 2550390721 a prime number?
False
Is 166764617 a prime number?
False
Is 575980541 composite?
False
Is 188008697 composite?
False
Is 3624277609 prime?
True
Is 12641956069 a prime number?
False
Is 74257453 prime?
False
Is 985236667 a composite number?
True
Is 415544557 a prime number?
True
Is 5061863201 prime?
True
Is 23655954599 composite?
False
Is 64425772979 a prime number?
False
Is 1061201597 prime?
False
Is 219015733 prime?
False
Is 5116099139 a prime number?
False
Is 5224214479 a composite number?
True
Is 61559609 prime?
False
Is 8041791593 composite?
True
Is 312069680393 a composite number?
True
Is 18346301681 a composite number?
False
Is 41781275849 a composite number?
True
Is 347557471 a composite number?
True
Is 59588909 prime?
True
Is 2365418093 prime?
True
Is 220999379 a composite number?
False
Is 781781701 a composite number?
True
Is 1316185207 a composite number?
False
Is 286635907 a prime number?
False
Is 3094738499 a prime number?
True
Is 5206364537 a prime number?
False
Is 16320810633 prime?
False
Is 3718459709 a prime number?
False
Is 1107363742 composite?
True
Is 922880383 composite?
True
Is 9402803 prime?
True
Is 11550382729 a composite number?
False
Is 2369591623 prime?
False
Is 17283180823 prime?
True
Is 50005078985 a composite number?
True
Is 36947671363 prime?
True
Is 1237471127 a composite number?
False
Is 4016031221 composite?
True
Is 5929557859 composite?
True
Is 1221072817 a composite number?
False
Is 382543970899 a prime number?
True
Is 26857128827 a composite number?
True
Is 326098961 a prime number?
True
Is 2303955817 a composite number?
False
Is 34777181 a prime number?
True
Is 13963127801 composite?
True
Is 9090684529 prime?
False
Is 350324113 composite?
False
Is 2335081901 a composite number?
False
Is 5237138059 composite?
False
Is 1497299285 a prime number?
False
Is 11806902071 a composite number?
False
Is 261263179 a composite number?
True
Is 6403378409 a composite number?
False
Is 230447365 prime?
False
Is 60166588739 a composite number?
False
Is 6404299403 prime?
False
Is 742046627 a composite number?
True
Is 1474298437 a prime number?
False
Is 4638854893 a composite number?
False
Is 591587281 a prime number?
False
Is 2788913041 composite?
True
Is 2496358747 composite?
True
Is 3322491605 a prime number?
False
Is 10522744343 a prime number?
True
Is 99777049 composite?
True
Is 511091657 a composite number?
False
Is 19557233087 a prime number?
False
Is 30162399539 composite?
False
Is 42387081793 composite?
True
Is 17727461993 a prime number?
True
Is 104307893 prime?
True
Is 2852574485 prime?
False
Is 3251262071 a composite number?
False
Is 29155243487 a prime number?
False
Is 11297579577 a prime number?
False
Is 11218418569 composite?
False
Is 27436815886 composite?
True
Is 381766531 composite?
False
Is 17436233531 prime?
False
Is 34292228039 a composite number?
True
Is 62354384941 prime?
True
Is 5604054983 composite?
False
Is 4018769309 a prime number?
False
Is 297409093 a composite number?
True
Is 2269503461 composite?
True
Is 198021554027 a prime number?
False
Is 614922041 composite?
False
Is 4913037743 a composite number?
False
Is 719899891 a composite number?
True
Is 1753332631 prime?
True
Is 14145584489 composite?
False
Is 851830867 composite?
True
Is 735727441 composite?
False
Is 235196671 a prime number?
True
Is 1652984231 composite?
False
Is 7638241739 a composite number?
True
Is 97209373 a composite number?
False
Is 5216014157 prime?
True
Is 145842407 a composite number?
True
Is 17863982943 composite?
True
Is 887555995 prime?
False
Is 635239778 a prime number?
False
Is 9183500849 prime?
False
Is 15667631347 composite?
True
Is 191575409 a prime number?
False
Is 327924763 composite?
False
Is 1223980541 composite?
True
Is 13405836677 composite?
False
Is 60086902467 a prime number?
False
Is 43235729909 a prime number?
False
Is 2162056267 a prime number?
False
Is 1886064251 a prime number?
True
Is 13733711881 prime?
True
Is 63423851213 composite?
True
Is 52393650077 a prime number?
True
Is 4639337 composite?
True
Is 22307994757 composite?
False
Is 162290417 prime?
False
Is 1425182531 prime?
True
Is 16022686159 prime?
False
Is 666429749 a composite number?
False
Is 7932703169 prime?
False
Is 53387713 prime?
False
Is 952379777 a composite number?
True
Is 383171353 prime?
False
Is 5926593823 composite?
False
Is 12192984887 a prime number?
False
Is 6039978863 composite?
True
Is 213622477 composite?
False
Is 9542223461 prime?
False
Is 52541099527 prime?
False
Is 10694683165 a composite number?
True
Is 805049419 a composite number?
False
Is 3711026369 prime?
True
Is 1043528855 a prime number?
False
Is 5029160893 a prime number